ppose 3*i - t = -34. What are the prime factors of i?
53
Let x(o) = 2*o - 6*o + 0*o**2 + 6*o**2 + 13 - 5*o**2. Let w be x(8). Let m = w - 33. What are the prime factors of m?
2, 3
Let g be (-3)/1 - (-2 - 5). Suppose 5*q = m + 239, 5*m - 168 = -0*q - g*q. List the prime factors of q.
47
Suppose -10 = 2*i - 5*s, 3*i = s + s - 4. Suppose i = -5*u + 8 - 48. Let j(w) = w + 17. What are the prime factors of j(u)?
3
Suppose 99 = 4*c + 15. What are the prime factors of (-2)/(-6)*c + -3?
2
Let u = 3 + 39. List the prime factors of u.
2, 3, 7
List the prime factors of (18/(-10))/((18/(-3460))/3).
2, 3, 173
Suppose 3*u = 5896 - 322. Suppose -14 = -6*x + u. Suppose -4*q + 312 = 4*p, p + x = 5*p - q. List the prime factors of p.
2, 3, 13
Suppose 80250 = 438*c - 413*c. List the prime factors of c.
2, 3, 5, 107
Let v(w) = -222*w - 467. List the prime factors of v(-21).
5, 839
Suppose m + 11*v - 8*v = 206, 4*m - 838 = 2*v. What are the prime factors of m?
11, 19
Let o = 228 + 37. What are the prime factors of o?
5, 53
Let s(v) = -6*v - 40. Let w(r) = 7*r + 40. Let q(a) = -6*s(a) - 5*w(a). Suppose 0 = -137*d + 135*d. List the prime factors of q(d).
2, 5
What are the prime factors of 3/(-6)*-12 - (-1 + -291)?
2, 149
Suppose -4*y + 6 = -2. Let z(j) = 5*j**y + 4*j**2 - j - 104 + 104. What are the prime factors of z(-1)?
2, 5
Let s = -140 - -543. What are the prime factors of s?
13, 31
Suppose -2*d = -2*p + 1506, 3*p = -p + 3*d + 3017. List the prime factors of p.
2, 379
Let z(j) = -j**2 - 17*j - 6. Let c be z(-18). Let v = c - -45. What are the prime factors of v?
3, 7
Let z = -222 + 1328. List the prime factors of z.
2, 7, 79
Let k(r) = 3*r**2 + 21*r + 1. Let t = 19 + -15. Let c = -5 - t. What are the prime factors of k(c)?
5, 11
Let b = -16 + 25. Let j = b - 8. List the prime factors of (-2)/(-2 + j) - 0.
2
Let b(w) = -9*w**3 + 2*w**2 - 19*w - 57. List the prime factors of b(-4).
3, 11, 19
Let h(t) = -t**3 - 2*t**2 + 4*t - 4. Let c = -12 - -8. Let p be h(c). Let y = 1 + p. What are the prime factors of y?
13
List the prime factors of -3 + 3 + 0 + 4432 - 1.
3, 7, 211
Let s be (-118)/4*(-4 + 2). Suppose 2*j = -13 + s. What are the prime factors of j?
23
Let v(w) = -w**3 + 4*w**2 + w. Let m be v(4). Suppose -8 = -m*r, 4*q + r - 56 - 178 = 0. Suppose -q - 7 = -5*t. What are the prime factors of t?
13
Let u = 523 + -752. Let s = u + 376. What are the prime factors of s?
3, 7
Let i be (-2 + 4)*(-6)/(-4). Let t(y) = 41 - y + 114*y**2 - 115*y**2 - 4*y**3 + 3*y**i. List the prime factors of t(0).
41
Suppose 0 = 4*g - 5*t - 280, 2*t - 3*t + 379 = 5*g. Suppose 7*c - g = -5*v + 2*c, -2*v + 30 = -3*c. Let q = v - 9. List the prime factors of q.
2, 3
Suppose -100 = -v + 6*v + 4*r, -3*v - 4*r = 52. Suppose -4*t - 3*t + 280 = 0. Let u = t + v. List the prime factors of u.
2
Suppose l = -6*n + n + 1320, n = 3*l - 4024. What are the prime factors of l/11 + (-10)/(-55)?
2, 61
Let r(n) = 65*n - 67. List the prime factors of r(6).
17, 19
Suppose 13*b - 1026 = 5045. List the prime factors of b.
467
Let l(j) = -3*j**2 - 30*j + 2. Let y be l(-10). Suppose -5*z - 588 = -5*t - 43, 0 = y*t + 3*z - 243. List the prime factors of t.
2, 3, 19
Let b = 7 - 1. Let p = -13 - -6. List the prime factors of (2/b)/(p/(-714)).
2, 17
Suppose 4*w - 576 = -2*x, -47*x + 46*x - w = -292. What are the prime factors of x?
2, 37
Suppose 5*c - 10 = 5. Suppose 0 = -3*k + r + c*r + 158, 0 = 2*k + 3*r - 111. List the prime factors of k.
2, 3
Suppose 30*l = 20*l + 55260. What are the prime factors of l?
2, 3, 307
Let k = -7 + 10. Let n(t) = t**3 - 4*t**2 + 4*t. Let c be n(k). Suppose -c*y - 2*o = -o - 90, 0 = 2*y - 3*o - 71. What are the prime factors of y?
31
Let n(r) = r - 8. Let u be n(0). List the prime factors of -3 - 0 - (u + -14).
19
Let d = -14 + 18. Suppose v + d*g = 3 + 58, 5*v - 5*g - 330 = 0. List the prime factors of v.
5, 13
List the prime factors of (3 + 3)/6*1186.
2, 593
List the prime factors of (((-132)/(-55))/3)/((-2)/(-2020)).
2, 101
Let o(j) = 110*j - 115. What are the prime factors of o(6)?
5, 109
Let u(n) = -n**3 + 3*n**2 + 6*n - 6. Let a be u(4). Suppose k = a, 4*k - 71 = -3*t + 66. List the prime factors of t.
43
Let c(z) be the first derivative of z**3/3 - 7*z**2/2 + 5. Let s(u) = -u**3 - 6*u**2 - u + 3. Let j be s(-6). List the prime factors of c(j).
2, 3
Suppose 4*z + 4*a - a - 3353 = 0, 3*a = 2*z - 1681. List the prime factors of z.
839
List the prime factors of 74/370 + 0 + (-399)/(-5).
2, 5
Let d(w) = -3*w + 15. Let r be d(-7). Let v = r - 23. List the prime factors of v.
13
Let w(o) = o**2 + 15*o. Let u be w(-16). Let c = u - 30. What are the prime factors of (-8)/c - 590/(-70)?
3
Let g(p) = -2*p**2 - 9*p - 9. Let h be g(-3). Suppose a - z = 2*z + 52, 5*a + z - 196 = h. What are the prime factors of a?
2, 5
Suppose 3*r + 10 = -k, 5*r = 5*k - 70 + 20. Let f be ((-9)/6)/((-3)/28). What are the prime factors of (f/k)/(11/55)?
2, 7
Let q be -1*61*1 + 0. Let p = 109 - -18. Let u = p + q. List the prime factors of u.
2, 3, 11
Suppose 0 = j + 4*j + 10. Let g = j - -1. List the prime factors of 1 + 1 + g + 10.
11
Let f = -9 + 12. Suppose f*k + 11 = -19. Let b = 17 - k. List the prime factors of b.
3
Suppose -m - 3*t + 19 = -16, -2*m + t + 63 = 0. Let n = m + 30. List the prime factors of n.
2, 31
Let s(y) = 8*y**2 + 6*y - 3. Let j be ((-33)/22)/(-3*(-1)/6). List the prime factors of s(j).
3, 17
Let s(a) = -3 - 5 + 3 - 2 - 2*a. Let r be s(-6). Suppose -r*v + v + 64 = 0. List the prime factors of v.
2
Suppose 4*x - 4 = -o + 6*o, 0 = -3*x + 3*o + 3. Let s(p) = 41*p**3 - 2*p**2 + 2*p - 1. What are the prime factors of s(x)?
2, 5
Let i(s) = -10*s**3 - 4*s - 49. List the prime factors of i(-6).
5, 7, 61
List the prime factors of (2 + (-35)/(-28))/((-1)/(-28)).
7, 13
Suppose 2*j = -j + 21. Suppose h = j*h - 66. What are the prime factors of h?
11
Let v(a) = -a**3 + 13*a**2 - 2*a + 18. Let k be v(13). Let o(r) = 0 + 2*r + 0*r + 9 - 5*r. What are the prime factors of o(k)?
3, 11
Let l = -19 - -7. Let i be ((-27)/l + -2)*8. Suppose -2*a + i = -4, -4*y = 5*a - 103. What are the prime factors of y?
2, 11
Suppose c = 3*l - 8, -l + 2*l = -2*c + 5. Suppose -2*p + 22 = 4*n, -5*p + 15 = 2*n + l*n. List the prime factors of n.
2
Suppose 4*k - 11 + 3 = 0. Suppose -5 = -5*o + 5*f, -k*o - f = 2*o - 24. Suppose -2*v + 54 = 3*r - 0*r, v + 90 = o*r. What are the prime factors of r?
2, 3
Let p(y) = -y**3 + 18*y**2 - 24*y - 72. What are the prime factors of p(10)?
2, 61
Let j = 12 + -19. Let w(a) = 2*a + 20. What are the prime factors of w(j)?
2, 3
Let u(k) = -29*k - 9. Let t be u(-4). Suppose 93 + t = 5*n. List the prime factors of n.
2, 5
Let t = 41 + -49. Let z(q) = -q**3 - 8*q**2 - 7*q - 12. List the prime factors of z(t).
2, 11
List the prime factors of 7 + 340/4 + -4.
2, 11
Let r(f) = 2*f**2 + 9*f + 105. List the prime factors of r(-5).
2, 5, 11
Suppose -1018 = -2*k + 4*o, 5 - 11 = -2*o. What are the prime factors of k?
5, 103
Suppose 22332 = 108*g - 96*g. What are the prime factors of g?
1861
Suppose -3*p + 1800 + 39 = -4*k, 2*k = 0. List the prime factors of p.
613
Let a = 10455 + -6626. List the prime factors of a.
7, 547
Let u(t) = t**2 - 5*t - 7. Let j be u(8). Let y = 34 + j. List the prime factors of y.
3, 17
What are the prime factors of 2423 - (-12)/9*15/10?
5, 97
Let b = 6 + -16. Let x be (2/(-5))/(b/3650). Suppose -4*p + x = r, -3*p + 2*r + 100 = -2*r. List the prime factors of p.
2, 3
Suppose 7*w - 19*w - 1512 = 0. Let c = w + 234. What are the prime factors of c?
2, 3
Let k be -2*(-1)/8*0/4. Suppose -4*j = z - 689, -3*j + 533 = -k*j + 4*z. What are the prime factors of j?
3, 19
Let n be (-10)/(-75) - (-806)/30. Suppose q = 4*m - n + 6, m + q + 1 = 0. What are the prime factors of m?
2
Let z(y) be the second derivative of -y**5/20 + 7*y**4/12 + 5*y**3/3 - 5*y**2 - 8*y. Let n be z(8). Suppose -b + n = b. List the prime factors of b.
3
Let g(y) = y**3 - 5*y**2 + 4*y + 2. Suppose -24 = -2*m + 3*d, 0*m + 14 = -m - 5*d. Let j be g(m). Let a = j + -37. List the prime factors of a.
5
Suppose 0 = -4*t - l + 13276, l - 3300 = -t - 4*l. List the prime factors of t.
2, 5, 83
Suppose 5*l = 4*l + 2, -2*l - 773 = -3*o. List the prime factors of o.
7, 37
Let h(f) = -f**3 - 8*f**2 + 13*f + 9. Let g be h(-9)